vided by 81.
76
Calculate the remainder when 33970 is divided by 149.
147
Calculate the remainder when 15127 is divided by 386.
73
Calculate the remainder when 740932 is divided by 145.
127
What is the remainder when 31036 is divided by 151?
81
Calculate the remainder when 1359273 is divided by 12.
9
What is the remainder when 25134 is divided by 969?
909
What is the remainder when 2386 is divided by 2372?
14
Calculate the remainder when 1882 is divided by 296.
106
Calculate the remainder when 17448 is divided by 499.
482
What is the remainder when 249846 is divided by 25?
21
Calculate the remainder when 216314 is divided by 640.
634
Calculate the remainder when 13996 is divided by 2299.
202
Calculate the remainder when 7874 is divided by 15.
14
Calculate the remainder when 1781275 is divided by 593757.
4
What is the remainder when 73867 is divided by 158?
81
Calculate the remainder when 1427 is divided by 252.
167
Calculate the remainder when 2725 is divided by 2633.
92
What is the remainder when 7853153 is divided by 76?
73
What is the remainder when 2885 is divided by 317?
32
Calculate the remainder when 1342040 is divided by 115.
105
What is the remainder when 76832 is divided by 19?
15
Calculate the remainder when 299557 is divided by 11521.
11
Calculate the remainder when 55415 is divided by 10.
5
What is the remainder when 1838 is divided by 168?
158
Calculate the remainder when 1938 is divided by 67.
62
Calculate the remainder when 11861 is divided by 27.
8
Calculate the remainder when 37993 is divided by 155.
18
Calculate the remainder when 37428 is divided by 37.
21
Calculate the remainder when 74997 is divided by 6243.
81
Calculate the remainder when 2077052 is divided by 137.
132
Calculate the remainder when 1231711 is divided by 22.
19
What is the remainder when 132291 is divided by 118?
13
Calculate the remainder when 17108 is divided by 16614.
494
What is the remainder when 1245 is divided by 131?
66
What is the remainder when 28543 is divided by 439?
8
What is the remainder when 32773 is divided by 556?
525
What is the remainder when 26416 is divided by 34?
32
What is the remainder when 191110 is divided by 2033?
8
Calculate the remainder when 1744 is divided by 616.
512
Calculate the remainder when 32063 is divided by 32061.
2
Calculate the remainder when 2446 is divided by 370.
226
What is the remainder when 59028 is divided by 35?
18
What is the remainder when 456251 is divided by 772?
771
What is the remainder when 29697 is divided by 14840?
17
What is the remainder when 97271 is divided by 19453?
6
Calculate the remainder when 42429 is divided by 58.
31
Calculate the remainder when 30636 is divided by 15318.
0
What is the remainder when 236683 is divided by 257?
243
What is the remainder when 5825 is divided by 493?
402
What is the remainder when 10739 is divided by 50?
39
What is the remainder when 102231 is divided by 22?
19
Calculate the remainder when 1872930 is divided by 117.
111
What is the remainder when 25578 is divided by 6385?
38
What is the remainder when 3024 is divided by 34?
32
What is the remainder when 123624 is divided by 93?
27
What is the remainder when 1656 is divided by 268?
48
What is the remainder when 17166 is divided by 1072?
14
Calculate the remainder when 1520 is divided by 379.
4
Calculate the remainder when 3404542 is divided by 528.
526
What is the remainder when 410573 is divided by 86?
9
What is the remainder when 520 is divided by 115?
60
Calculate the remainder when 2289 is divided by 120.
9
What is the remainder when 11158 is divided by 2229?
13
What is the remainder when 487 is divided by 446?
41
What is the remainder when 21040 is divided by 500?
40
What is the remainder when 2138326 is divided by 12?
10
What is the remainder when 2569 is divided by 137?
103
What is the remainder when 5948 is divided by 769?
565
Calculate the remainder when 46 is divided by 14.
4
Calculate the remainder when 25650 is divided by 257.
207
Calculate the remainder when 2891 is divided by 159.
29
Calculate the remainder when 77428 is divided by 77421.
7
Calculate the remainder when 10645 is divided by 119.
54
Calculate the remainder when 3418 is divided by 77.
30
Calculate the remainder when 3668 is divided by 36.
32
Calculate the remainder when 149129 is divided by 90.
89
What is the remainder when 3669 is divided by 1224?
1221
What is the remainder when 8562 is divided by 15?
12
Calculate the remainder when 2853 is divided by 996.
861
Calculate the remainder when 12488 is divided by 464.
424
Calculate the remainder when 30236 is divided by 80.
76
What is the remainder when 152355 is divided by 5078?
15
What is the remainder when 12942 is divided by 652?
554
Calculate the remainder when 10460 is divided by 163.
28
What is the remainder when 29471 is divided by 2133?
1742
Calculate the remainder when 39753 is divided by 284.
277
Calculate the remainder when 3644 is divided by 189.
53
Calculate the remainder when 220299 is divided by 28.
23
What is the remainder when 3966 is divided by 404?
330
What is the remainder when 2558 is divided by 89?
66
Calculate the remainder when 3418 is divided by 73.
60
Calculate the remainder when 2661147 is divided by 1130.
1127
What is the remainder when 80478 is divided by 122?
80
Calculate the remainder when 2102 is divided by 731.
640
What is the remainder when 7113 is divided by 485?
323
Calculate the remainder when 12833 is divided by 71.
53
What is the remainder when 501905 is divided by 122?
119
Calculate the remainder when 13339 is divided by 4248.
595
Calculate the remainder when 52552 is divided by 559.
6
What is the remainder when 46346 is divided by 1287?
14
Calculate the remainder when 3218 is divided by 363.
314
Calculate the remainder when 2870 is divided by 152.
134
What is the remainder when 208245 is divided by 4527?
3
Calculate the remainder when 29163 is divided by 7.
1
What is the remainder when 1916503 is divided by 272?
263
What is the remainder when 83982 is divided by 500?
482
Calculate the remainder when 3201 is divided by 131.
57
What is the remainder when 138411 is divided by 11?
9
Calculate the remainder when 2036 is divided by 196.
76
What is the remainder when 8592 is divided by 779?
23
What is the remainder when 777749 is divided by 382?
379
What is the remainder when 91226 is divided by 34?
4
Calculate the remainder when 636 is divided by 58.
56
Calculate the remainder when 842955 is divided by 29.
12
What is the remainder when 939116 is divided by 117388?
12
Calculate the remainder when 43003 is divided by 200.
3
What is the remainder when 196566 is divided by 4?
2
Calculate the remainder when 33300 is divided by 8323.
8
Calculate the remainder when 1918 is divided by 425.
218
What is the remainder when 38936 is divided by 126?
2
What is the remainder when 836 is divided by 810?
26
What is the remainder when 2032 is divided by 627?
151
What is the remainder when 6163877 is divided by 20?
17
Calculate the remainder when 23387 is divided by 3341.
0
Calculate the remainder when 75275 is divided by 79.
67
What is the remainder when 22214 is divided by 7375?
89
Calculate the remainder when 64999 is divided by 179.
22
What is the remainder when 9200 is divided by 9173?
27
Calculate the remainder when 153483 is divided by 6673.
4
Calculate the remainder when 3912 is divided by 2519.
1393
What is the remainder when 26772 is divided by 35?
32
Calculate the remainder when 13415 is divided by 271.
136
Calculate the remainder when 23058 is divided by 1098.
0
Calculate the remainder when 44489 is divided by 1169.
67
What is the remainder when 5996 is divided by 34?
12
What is the remainder when 89879 is divided by 2568?
2567
Calculate the remainder when 5468 is divided by 140.
8
What is the remainder when 3603898 is divided by 12?
10
Calculate the remainder when 12064 is divided by 109.
74
What is the remainder when 278483 is divided by 55688?
43
Calculate the remainder when 7142589 is divided by 1670.
1669
Calculate the remainder when 7942 is divided by 99.
22
What is the remainder when 49757 is divided by 80?
77
What is the remainder when 2699 is divided by 921?
857
What is the remainder when 7633 is divided by 692?
21
What is the remainder when 3